11*m - 4. Calculate k(-1).
7
Let r(x) = 2*x + 28. Calculate r(-15).
-2
Let j(y) = 14*y. What is j(-4)?
-56
Let i(c) = 17*c + 3. Calculate i(-2).
-31
Let j(k) = k**2 + 2*k - 8. Determine j(0).
-8
Let p(l) = -l**2 + 7*l + 14. Determine p(11).
-30
Let o(u) = -20*u + 227. Calculate o(11).
7
Let j(i) = -i**2 - i - 3. Determine j(4).
-23
Let r(u) = 85*u**2 + 511*u + 6. Calculate r(-6).
0
Let l(a) = a**3 - 11*a**2 + 21*a + 5. What is l(5)?
-40
Let q(u) = 17*u. Give q(2).
34
Let r(q) = -q**3 + 6*q**2 + 5*q - 9. Give r(7).
-23
Let a(w) = -w**2 - 6*w + 6. What is a(-7)?
-1
Let y(k) = 2*k + 56. What is y(-20)?
16
Let m(u) = -u**3 + 51*u**2 + 165*u - 151. What is m(54)?
11
Let u(n) = 3*n - 9. Calculate u(4).
3
Let m(l) = -101*l + 8. Calculate m(1).
-93
Let s(b) = 4*b - 9. What is s(5)?
11
Let g(v) = -v**3 + v**2 - 1. Calculate g(-3).
35
Let s(a) = 3*a + 4. What is s(2)?
10
Let s(v) = 61*v - 20. What is s(3)?
163
Let p(t) = t**3 + 9*t**2 + 14*t + 1. Calculate p(-7).
1
Let m(u) = -u**2 - 13*u - 45. Calculate m(-7).
-3
Let q(i) = -i**3 + 2*i**2 + 34*i - 18. Calculate q(7).
-25
Let w(y) = -y**2 + 15*y - 19. Calculate w(13).
7
Let b(z) = 19*z - 163. Determine b(9).
8
Let x(y) = -y - 10. What is x(-11)?
1
Let t(a) = a**3 - 6*a**2 - 12*a - 9. Calculate t(8).
23
Let u(m) = m**2 - 20*m - 12. Determine u(22).
32
Let t(a) = -a. What is t(-18)?
18
Let b(c) = c**3 + 12*c**2 - 2*c - 5. Calculate b(-12).
19
Let l(t) = -2*t**2 - 4*t - 5. What is l(-2)?
-5
Let d(n) = 13*n**3 - 5*n**2 - 3*n + 1. What is d(-1)?
-14
Let c(t) = t**3 + 5*t**2 + t - 7. Determine c(-4).
5
Let a(r) = 19*r**2 + r. What is a(1)?
20
Let n(g) = -3*g - 15. Give n(-9).
12
Let i(l) = -l**3 - 8*l**2 - 5*l + 18. Determine i(-7).
4
Let m(h) = 17*h - 8. Determine m(4).
60
Let n(d) = -3*d - 10. Calculate n(-3).
-1
Let i(n) = 42*n - 1632. Calculate i(39).
6
Let u(v) = -v**2 - 19*v - 73. Give u(-5).
-3
Let y(k) = k**3 + 10*k**2 - 6*k - 35. Determine y(-10).
25
Let q(b) = b**3 + 9*b**2 - 8*b + 18. Give q(-10).
-2
Let f(b) = -b**3 - 24*b**2 - 44*b - 27. What is f(-22)?
-27
Let g(r) = -128*r**3 - 2*r**2 + 7*r + 8. Determine g(-1).
127
Let p(l) = -3*l - 64. Determine p(9).
-91
Let j(k) = 2*k**3 + 33*k**2 + 19*k. What is j(-16)?
-48
Let z(i) = 4*i**3 - i**2 - 2*i + 1. Determine z(-2).
-31
Let s(x) = -3*x - 47. Calculate s(-16).
1
Let q(x) = 39*x + 3. Calculate q(4).
159
Let w(t) = -t**3 + t**2 + 3*t - 5. Determine w(4).
-41
Let x(a) = -2*a**2 + 10. Give x(-4).
-22
Let u(h) = h**3 + 20*h**2 - 20*h + 24. Give u(-21).
3
Let j(t) = -t**2 + 23*t + 103. Give j(27).
-5
Let f(m) = m**2 - 19*m + 14. Calculate f(19).
14
Let s(j) = 27*j**3 + j**2 + 4*j + 2. Determine s(-1).
-28
Let f(g) = -g**2 - 15*g + 51. Calculate f(3).
-3
Let m(v) = v**2 - 18*v + 3. Determine m(17).
-14
Let s(o) = -42*o - 2. Determine s(-1).
40
Let y(i) = 51*i + 412. What is y(-8)?
4
Let g(s) = s**3 - 14*s**2 + 5*s + 8. Calculate g(13).
-96
Let f(w) = 7*w - 7. Give f(4).
21
Let c(r) = -49*r - 152. What is c(-3)?
-5
Let x(y) = 6*y**3 - 4*y**2 - y - 4. What is x(-2)?
-66
Let f(a) = -a**3 + 5*a**2 + a. Give f(5).
5
Let z(t) = -2*t - 4. Calculate z(1).
-6
Let s(i) = 9*i**2 + 8*i - 12. Determine s(4).
164
Let w(p) = 2*p**2 + 6*p + 16. Calculate w(-6).
52
Let r(x) = -x - 6. Calculate r(-12).
6
Let r(n) = n**3 + 9*n**2 - 14*n - 13. Calculate r(-10).
27
Let a(s) = 10*s**3 + s**2 + 5. What is a(2)?
89
Let v(h) = -6*h**3 - h**2 - 3*h - 2. What is v(-1)?
6
Let v(s) = 3*s**3 - 3*s**2 - s + 3. Give v(2).
13
Let g(o) = -3*o + 82. Calculate g(23).
13
Let d(z) = z**3 + 5*z**2 + 13*z + 59. Determine d(-5).
-6
Let t(m) = m**3 - 11*m**2 - 11*m - 9. Determine t(12).
3
Let n(b) = -b**2 - 15*b - 13. Determine n(-16).
-29
Let y(u) = -12*u - 52. What is y(-6)?
20
Let h(n) = -n**3 - n**2 + 3*n + 5. Determine h(-3).
14
Let c(w) = -2*w - 28. Give c(-10).
-8
Let p(s) = -37*s + 260. Give p(7).
1
Let c(o) = -o**3 + 10*o**2 + 24*o + 14. What is c(12)?
14
Let b(v) = -v**3 - 7*v**2 + 11*v + 1. What is b(-8)?
-23
Let t(y) = y**2 + 3*y - 63. What is t(7)?
7
Let w(s) = -4*s - 34. What is w(-16)?
30
Let m(v) = v**2 - 50*v + 78. Determine m(48).
-18
Let m(b) = -b**3 - 8*b**2 + 12*b + 8. Calculate m(-9).
-19
Let u(w) = -w**3 + 2*w**2 + 3*w - 62. Calculate u(0).
-62
Let u(d) = -27*d**2 + d. Determine u(1).
-26
Let m(h) = 3*h**2 + 17*h + 2. Give m(-7).
30
Let v(r) = -r**2 + 20*r - 99. Determine v(13).
-8
Let q(w) = -w**2 + 19*w - 29. Determine q(2).
5
Let b(p) = -p**2 - 63*p + 215. Determine b(-66).
17
Let i(p) = p**2 - 6*p - 9. What is i(7)?
-2
Let c(a) = -a**2 - 3*a + 15. Give c(-5).
5
Let a(u) = 3*u**2 + 20*u - 9. Give a(-6).
-21
Let l(b) = 4*b - 1. Calculate l(-1).
-5
Let x(n) = n**2 - 18*n + 61. Give x(13).
-4
Let g(u) = 14*u + 58. Determine g(-5).
-12
Let u(x) = 3*x - 25. Determine u(10).
5
Let w(t) = 12*t. Give w(1).
12
Let n(f) = f**2 + 15*f - 7. Give n(-14).
-21
Let q(y) = y - 8. Give q(-6).
-14
Let z(t) = -5*t - 178. What is z(-35)?
-3
Let p(i) = i**2 - 5*i + 15. Give p(-8).
119
Let j(q) = -88*q + 524. Determine j(6).
-4
Let d(t) = -t**2 + 30*t - 205. Calculate d(11).
4
Let d(n) = n**3 + 5*n**2 + 3*n - 3. Give d(-4).
1
Let y(s) = s**3 - 7*s**2 - 5*s + 37. What is y(6)?
-29
Let p(r) = -r**2 + 33*r + 33. Determine p(34).
-1
Let i(l) = -5*l + 16. Determine i(5).
-9
Let l(y) = -y**2 + 36*y - 33. Give l(32).
95
Let t(u) = -u**2 + 21*u - 108. Calculate t(11).
2
Let q(p) = p**3 - 3*p**2 - 7*p + 6. Give q(4).
-6
Let z(i) = 7*i - 1. What is z(-1)?
-8
Let u(l) = -l**3 - 4*l**2 + l + 2. What is u(-2)?
-8
Let w(r) = -r + 20. Give w(19).
1
Let p(x) = -6*x**3 + x**2 - x - 2. Determine p(-1).
6
Let h(o) = 3*o**2 + 15*o + 4. Determine h(-5).
4
Let d(v) = v**3 + 20*v**2 - 22*v - 26. Calculate d(-21).
-5
Let z(i) = -i**2 - 9*i - 13. What is z(-3)?
5
Let c(i) = i**2 - 4*i - 11. Determine c(6).
1
Let t(p) = p**2 + 12*p - 7. Calculate t(-12).
-7
Let d(t) = -2*t - 1. Determine d(-5).
9
Let g(m) = 3*m + 50. Determine g(-16).
2
Let d(k) = k**3 - 12*k**2 - 13*k - 17. What is d(13)?
-17
Let w(f) = 5*f**3 + 26*f**2 + 4*f - 4. Give w(-5).
1
Let m(i) = -3*i**2 - i + 3. Give m(-2).
-7
Let n(f) = -f**3 + 12*f**2 + 4*f + 31. Calculate n(12).
79
Let a(w) = w - 30. Give a(12).
-18
Let q(x) = -x**3 - 8*x**2 + 8*x - 18. Give q(-9).
-9
Let r(z) = z**3 - 9*z**2 - 2*z + 8. What is r(8)?
-72
Let u(b) = b**3 + 3*b**2 + 4*b + 3. What is u(-3)?
-9
Let s(h) = -h**2 - 11*h + 60. Calculate s(-15).
0
Let l(m) = -28*m**2 - 4*m - 3. Calculate l(-1).
-27
Let r(x) = -42*x - 2. What is r(4)?
-170
Let g(j) = -j**2 - 3*j + 5. Calculate g(3).
-13
Let y(t) = -2*t**3 - 4*t**2 - 2*t + 4. Determine y(-3).
28
Let t(d) = -2*d**3 - 25*d**2 + 3*d - 116. What is t(-13)?
14
Let y(h) = h**3 + 4*h - 3. Calculate y(2).
13
Let i(v) = -6*v - 171. What is i(-30)?
9
Let c(o) = -o**3 + 13*o**2 - 33*o + 23. Give c(10).
-7
Let m(f) = -f**3 - 6*f**2 + 4*f + 1. What is m(-6)?
-23
Let r(m) = -m**3 + 14*m**2 + 32*m - 2. Determine r(16).
-2
Let n(u) = -14*u + 63. Determine n(5).
-7
Let u(t) = -7*t - 5. Calculate u(-3).
16
Let z(t) = -4*t**2 + 7*t - 4. Determine z(1).
-1
Let o(x) = 28*x - 164. Give o(6).
4
Let h(g) = -2*g - 9. What is h(-8)?
7
Let a(q) = q**2 + 16*q + 44. Give a(-13).
5
Let x(f) = 37*f + 303. Calculate x(-8).
7
Let x(z) = z**3 + 4*z**2 - 3*z - 2. What is x(-4)?
10
Let y(k) = -k + 7. Calculate y(-9).
16
Let m(r) = r**3 + 6*r**2 + 2*r - 2. Give m(-6).
-14
Let c(f) = f**3 + 25*f**2 + 2*f + 47. Give c(-25).
-3
Let n(x) = x - 11. Calculate n(11).
0
Let d(w) = -17*w + 147. What is d(8)?
11
Let h(r) = -r**3 + 13*r**2 - 17*r + 66. What is h(12)?
6
Let x(t) = 3*t**3 + 2*t**2 - 4*t + 7. Determine x(-2).
-1
Let m(x) = x - 4. Determine m(-11).
-15
Let g(i) = -4*i + 4. Determine g(9).
-32
Let i(u) = 17*u + 50. What is i(-9)?
-103
Let a(d) = -d + 13. Determine a(10).
3
Let c(l) = -23*l + 412. Calculate c(18).
-2
Let g(r) = r**2 + 13*r + 42. Determine g(-10).
12
Let a(p) = p**2 + 12*p - 26. Give a(-13).
-13
Let b(o) = 3*o + 61. Calculate b(8).
85
Let t(f) = 27*f - 58. What is t(2)?
-4
Let a(z) = z**3 - 6*z**2 - 9*z + 12. Calculate a(7).
-2
Let p(z) = -z**2 + 7*z + 163. Calculate p(-10).
-7
Let j(x) = -x**2 + 24*x + 199. Calculate j(31).
-18
Let u(b) = -14*b. Determine u(1).
-14
Let h(i) = 43*i**3 + 1. Calculate h(1).
44
Let u(v) = v**2 - 8*v + 13. Calculate 